 d = -14 - -9. Determine k(d).
-5
Suppose 0 = -0*w + 3*w - 6. Suppose -6 = -4*o + w. Let p(n) = 0 + n**3 + 5*n + 5*n + 7 - 2*n + 6*n**o. Calculate p(-5).
-8
Let p(j) = -j**2 + 9*j - 8. Let b(q) = -2*q**3 - q**2 + 3*q + 1. Let z be b(-2). Suppose 3*c - z*c = -8. Let u be 77/14 + 3/c. What is p(u)?
6
Let z(g) = g + 5*g**2 - g**2 - 2*g - 3*g**2. Let b(d) = -5*d**2 + 5*d - 7. Let t(a) = -b(a) - 6*z(a). Let c(p) be the first derivative of t(p). Calculate c(-4).
9
Let o be (1 - -4)/((-150)/270). Let r(l) = -l - 17. What is r(o)?
-8
Let h(s) = 2*s + 2*s - 5*s - 10 + 16. Determine h(0).
6
Let m(k) be the third derivative of -2/3*k**3 - 18*k**2 + 0*k - 1/12*k**4 + 1/60*k**5 + 0. Determine m(4).
4
Let j = 173 + -173. Let x(f) be the second derivative of -1/6*f**3 + 1/12*f**4 - f + j + 1/2*f**2 + 1/5*f**5. Give x(1).
5
Let l(n) = -4*n**2 - 77*n - 27. Let c be l(-19). Let a(f) = 8*f + 3. Calculate a(c).
-61
Suppose 6 = m + 3. Suppose 3 = m*j - 0*j. Let i(h) = 22*h - 1. What is i(j)?
21
Let b(k) = -k + 4. Let v be b(-1). Let a be 2/v + (-32)/(-20). Let r(l) = 6*l - 3. Determine r(a).
9
Let u be (-1 - 14/(-6))*3. Let q(t) be the third derivative of -t**6/720 + t**5/24 - t**4/6 - 8*t**2. Let o(y) be the second derivative of q(y). Determine o(u).
1
Let i(s) = s**2 + 9*s + 10. Let n be i(-8). Let k(g) = -7*g**n + g**3 + 7*g**2 + 11. Let m be 0/(-2)*((-5)/10 + 1). Calculate k(m).
11
Let z(h) = -4*h. Let x(u) = u. Let n(q) = -6*x(q) - 2*z(q). Suppose 0*g = -2*g + 3*r + 39, 0 = 4*g + r - 57. Let w be ((-2)/4)/(g/(-30)). What is n(w)?
2
Let t(y) = 3*y**2 - 31*y + 23. Let a(r) = -4*r**2 + 45*r - 35. Let d(g) = -5*a(g) - 7*t(g). Give d(2).
-6
Let l = -1160 + 1160. Let o(j) = -j**2 - j - 10. What is o(l)?
-10
Let j(b) = b**3 + 7*b**2 + b + 5. Suppose -3*a - 175 = -8*a. Suppose a = -11*d + 6*d. Give j(d).
-2
Let d(x) = 37*x + 10. Let h(l) = 13*l + 3. Let c(z) = 6*d(z) - 17*h(z). What is c(-8)?
1
Let y(o) = -o**2 - o. Let j be 4/(-14) + 107/7. Let r = 16 - j. Calculate y(r).
-2
Let j(d) be the second derivative of d**3/2 - 20*d**2 - 15*d - 6. What is j(11)?
-7
Let p(c) = c**3 - c + 12. Suppose -9*a + 2*b - 378 = -6*a, 268 = -2*a - 4*b. Let y = a - -128. Give p(y).
12
Let t(z) = -z**3 - 3*z**2 + 2*z + 3. Let g = 242 + -236. Let l(o) = -o - 5. Let u be l(5). Let a = g + u. What is t(a)?
11
Let i(r) = -r**2 + 5*r - 1. Suppose -2*y + 18 = g + g, -2*g + 40 = 4*y. Suppose 31 = 7*b - y. Suppose b = v + 2. Give i(v).
3
Let i(m) = 121 - 13*m + 0*m**2 - 245 - m**2 + 122. Determine i(-13).
-2
Let a(x) be the third derivative of -x**8/20160 + x**7/630 + x**6/120 + 7*x**5/20 - 11*x**2. Let i(c) be the third derivative of a(c). Give i(9).
-3
Let n(m) be the first derivative of -m**2/2 - 6*m - 3. Let g = 37 - 32. Suppose -g*b = 2*k + 20, b - 27 = 3*b - 3*k. Determine n(b).
0
Let o(z) = 5*z**3 + z**2 - 4*z + 4. Let l(t) be the first derivative of -t**4 + 3*t**2/2 - 4*t - 7. Let s(f) = -6*l(f) - 5*o(f). Give s(-5).
-6
Let x(z) = -141*z**2 + z**3 + 67*z**2 + 67*z**2 - 14 + 2*z. Let a be x(7). Let t(p) = -p**3 - p - 1. Give t(a).
-1
Let p(v) = -2*v**3 - 3 - 2*v**2 + 6*v**2 - 2 + v. Let y(x) = -10*x**3 + 20*x**2 + 5*x - 26. Let o(r) = 11*p(r) - 2*y(r). Give o(3).
-18
Let j(t) = 3*t + 3. Let k(p) = 5*p + 14. Let a(g) = j(g) - k(g). Let d be (-6)/4*3*2. Calculate a(d).
7
Let s(f) be the first derivative of -f**4/12 + f**3 - f**2 + 13*f - 15. Let u(z) be the first derivative of s(z). Suppose 0 = c + 2 - 5. Give u(c).
7
Let n(j) be the second derivative of j**3/6 + 2*j - 92. What is n(2)?
2
Let f(j) = -19*j + 6. Let n(p) = -2*p + 3. Let l(g) = f(g) - 3*n(g). What is l(1)?
-16
Let z(n) = n - 2. Let f = 45 + -19. Let a = 20 - f. Let m be ((-20)/a)/(10/(-15)). Give z(m).
-7
Let o(x) be the third derivative of -2*x**2 - 1/15*x**6 - 1/6*x**3 + 0*x + 0*x**5 + 0 - 1/24*x**4. Let v(d) = -d**2 + 43*d - 373. Let z be v(12). Give o(z).
8
Let o(d) be the second derivative of -13*d**3/6 - d**2/2 - d. Let y = 4426 + -4427. Determine o(y).
12
Let f = -131 - -149. Suppose -f = -m - 14. Let h(b) be the first derivative of b**2/2 - b - 2. Determine h(m).
3
Let v(m) be the first derivative of -m**2 - 3*m - 4. Calculate v(-7).
11
Let g be (-51)/(-119) - (38/7 - 1). Let b(c) = -14*c**2 - 16*c + 5. Let w(a) = 5*a**2 + 5*a - 2. Let z(k) = g*b(k) - 11*w(k). Determine z(-6).
-16
Let q(z) = -z - 3. Let p(u) = -5*u - 3*u**2 + 192 - 194 - u**2 + 3*u**2. Let f be p(-3). Determine q(f).
-7
Let w be (-24)/(-2)*4/12. Let m(j) = 2*j - 23 + 19 - w*j + 3*j. Suppose 0 = 3*y - s + 8, -2*s + 4 = y - 4*y. Calculate m(y).
-8
Let d(m) = -7 + 1 - 7*m - 8 - 2*m**3 + 4 + 17*m**2. Let k be d(8). Let p(v) = -2*v**2 - 3*v - 2. Determine p(k).
-4
Let k(c) = 2*c**2 + 1. Let h(w) = 6*w + 6*w - 13*w. Let b be h(-2). Suppose -5*p = -b*m - 23, 3*m = 4*m + 5*p - 26. Determine k(m).
3
Let q(v) = -9*v - 10 + 16 + 8*v + 11. Give q(7).
10
Let h = -17 - -20. Suppose -3*o - 8 = -4*y - 25, 28 = -h*o - 5*y. Let b(t) be the third derivative of t**5/30 + t**4/24 + t**3/6 + t**2. What is b(o)?
2
Let m(r) be the first derivative of -6*r + 6*r - 33 + r**2 + 6 + 2*r. Calculate m(-8).
-14
Let l = 45 - 43. Let v(h) = -716 - 3*h + 715 - l*h. Let m be (2 + 0/2)/2. Give v(m).
-6
Let s = 26 + -29. Let d be 8/10*(-5)/(-2). Let v be (d - 16)*s/(-6). Let f(p) = -p**2 - 6*p + 10. Determine f(v).
3
Let h(o) = 10*o**2 - 81 - 11*o**2 - 2*o - 72 + 159. Determine h(-5).
-9
Let w(z) = -2*z**2 - 6*z. Suppose 0*v + 3*v = -9, 9 = -c - v. Determine w(c).
-36
Let y(i) = -2*i + 0*i**2 + 5*i**2 + i + i**3 - 5*i - 2 + 11*i. Let a be 2 + (1*-3)/(-3). Let f = a + -7. Calculate y(f).
-6
Let n(f) = f**3 - f**2 - 18*f + 33. Let a be n(2). Let t(q) = 9*q + 2. Determine t(a).
11
Let l(m) be the second derivative of m**3/6 - 2*m**2 + 32*m. Suppose 3*r - 8*r + 2*j = -11, -3*r + 4*j + 1 = 0. Suppose r*w - 2 = -11. Give l(w).
-7
Let h(r) = r**3 - r**2 - r - 1. Suppose 0 = 4*v - 36 - 100. Suppose -32*o - 4 = -v*o. Give h(o).
1
Let m be (-12)/2*(-66)/132. Let v(b) = b**2 - 4*b - 2. Determine v(m).
-5
Let w(k) = 20*k**3 + k**2 + 59*k - 35. Let v(j) = -7*j**3 - 21*j + 12. Let f(q) = 17*v(q) + 6*w(q). Determine f(-5).
34
Let n = -9 + 6. Let s(p) be the third derivative of -p**7/5040 + p**5/20 - 3*p**2. Let b(l) be the third derivative of s(l). What is b(n)?
3
Let z(q) = 3*q**3 + 3*q**2 - 5*q - 1. Let n(r) = 2*r**3 + 2*r**2 - 4*r - 2. Let g(d) = -4*n(d) + 3*z(d). Suppose -33*c - 3 = -31*c - 3. Give g(c).
5
Let y(o) = -3*o + 51. Let l be y(17). Suppose l = -12*s + 4*s + 16. Let x(d) = -2*d**2 + 3*d - 2. Calculate x(s).
-4
Let a(g) be the first derivative of g**2/2 + 4*g - 853. What is a(-6)?
-2
Let u(o) = 3*o - 12. Suppose -t - 15*i + 20*i = -10, 40 = 4*t - i. Give u(t).
18
Let v(c) = -3*c**2 + 29*c - 26. Let a(u) = u**2 - 10*u + 9. Let j(f) = 11*a(f) + 4*v(f). Give j(4).
3
Let q be (-9)/15 + (-172)/(-20) + -5. Let s(u) = -3*u**2 + 2*u + 4. Give s(q).
-17
Let s(p) = 3*p**2 + 2*p - 7. Let n(j) = -1. Let t(w) = -5*n(w) + s(w). Let r(q) = q**3 - 9*q**2 + 14*q + 22. Let g be r(6). Give t(g).
6
Let s(t) = t**3 + 3*t**2 + 3*t + 3. Suppose -12*k = n - 16*k + 3, k - 12 = 4*n. Give s(n).
-6
Suppose -2*q = 2, -3*q = 2*f - 1 - 0. Let p = f + 1. Let r(m) = 3*m**p + 3*m + 3*m**2 - m + 0*m**3. Give r(-2).
-16
Let g(r) = -6*r**3 - 2*r**2 - 2*r - 1. Let c = 33 + -31. Let s(u) = -3*u**3 + 4*u**2 + c*u**3 - 7*u - 2 + 7. Let x be s(2). Calculate g(x).
5
Let q(f) = 0 - 450*f**3 + 2 + 3 + 449*f**3 + f - 6*f**2. Give q(-6).
-1
Let h(i) be the first derivative of -i**5/20 - 5*i**4/12 - i**3/6 + 3*i**2/2 + 37*i - 36. Let q(y) be the first derivative of h(y). Calculate q(-5).
8
Let i(a) be the first derivative of 5*a**4/4 + a**3/3 + a**2 + a - 22. Calculate i(-1).
-5
Let w(a) = -a + 5. Let r(d) = 3 - 5*d - 2 + 4 + 4*d. Let j(u) = 4*r(u) - 3*w(u). Calculate j(0).
5
Let n(r) = r**2 - 6*r + 5. Let u be 2*29*9/(-18). Let q = u - -33. What is n(q)?
-3
Let l(r) = 2*r**2 + 10*r - 17. Let i be l(-6). Let h(t) = t**2 + 5*t - 3. Determine h(i).
-3
Let b(d) = 18 - 5*d + 5*d + 5 - 22 + d. Determine b(3).
4
Let u(a) = -a**3 + 5*a**2 - 5*a - 11. Let i(r) = -2*r**3 + 9*r**2 - 10*r - 23. Let w(p) = -3*i(p) + 7*u(p). Let x = 20 + -16. Suppose 16 = x*t - 12. Give w(t).
6
Let l(z) = -3*z + 1. Let o = -78 - -177. Let w = o - 92. Give l(w).